1).
-37
Let b(a) = a**3 + a**2 + 17*a + 124. Give b(-5).
-61
Let w(s) = 2*s**2 - 4*s - 10. What is w(-9)?
188
Let t(c) = -135*c + 5394. What is t(40)?
-6
Let w(a) = -a**2 + 120*a - 3631. Give w(64).
-47
Let h(k) = -70*k + 3351. Calculate h(48).
-9
Let z(d) = d**3 - 25*d**2 - 14362*d - 272. What is z(133)?
-6
Let n(j) = -3*j - 60. Calculate n(21).
-123
Let l(y) = 5*y**2 - 5*y - 16. Give l(-6).
194
Let n(q) = -2*q**3 + 34*q**2 + 35*q + 66. What is n(18)?
48
Let w(c) = -7*c**3 + 9*c**2 + 44*c - 130. Calculate w(4).
-258
Let l(n) = n**3 + 36*n**2 - 35*n + 103. What is l(-37)?
29
Let d(y) = 804*y - 1598. What is d(2)?
10
Let n(r) = -6*r**2 - 9*r + 412. Calculate n(-9).
7
Let k(f) = -196*f - 8619. Calculate k(-44).
5
Let d(c) = 25*c**2 + 370*c - 17. Give d(-15).
58
Let n(m) = 7*m**2 + 214*m - 215. Give n(1).
6
Let s(w) = w**3 - 25*w**2 + 37*w - 260. What is s(24)?
52
Let v(o) = o**2 - 40*o - 176. Determine v(-5).
49
Let n(m) = 55*m + 829. What is n(-15)?
4
Let y(x) = 10*x**2 - 421*x + 22. Determine y(42).
-20
Let y(g) = 26*g**3 + 106*g**2 + 105*g - 1. What is y(-1)?
-26
Let c(v) = 443*v**3 + 2*v**2 - 12*v + 11. What is c(1)?
444
Let f(o) = 42*o + 166. What is f(-9)?
-212
Let g(r) = 1800*r + 37802. Give g(-21).
2
Let x(u) = -u**3 + 34*u**2 - 13*u + 1599. Determine x(35).
-81
Let g(k) = -2*k**2 + 143*k - 426. What is g(71)?
-355
Let d(q) = -84*q - 23. Give d(-2).
145
Let l(q) = -q**2 - 108*q + 7. Give l(0).
7
Let i(m) = 4*m**3 + 17*m**2 + 14*m + 29. What is i(-4)?
-11
Let n(h) = 6*h**3 + 3*h**2 + 4*h - 4. What is n(2)?
64
Let t(j) = -j**2 - j + 107. Give t(0).
107
Let f(v) = 93*v + 88. Calculate f(-5).
-377
Let m(z) = -38*z**2 - 29*z - 29. Calculate m(-1).
-38
Let o(b) = b**3 - 14*b**2 - b + 77. Calculate o(14).
63
Let t(g) = g**2 - 554*g - 4491. Calculate t(-8).
5
Let w(x) = x**2 - 75*x - 656. Give w(83).
8
Let v(x) = -x**3 - 4*x**2 - 10*x + 76. Determine v(-5).
151
Let a(m) = -m**2 - 66*m + 594. Determine a(-68).
458
Let r(d) = d**3 + 7*d**2 - 82*d - 38. What is r(-13)?
14
Let y(m) = m**2 - 48*m + 286. Determine y(7).
-1
Let c(s) = -390*s - 5068. Calculate c(-13).
2
Let u(y) = -71*y - 694. Give u(-10).
16
Let j(c) = c**2 + 163*c + 6452. Give j(-95).
-8
Let b(g) = -g**3 + 12*g**2 + 224*g + 44. What is b(-10)?
4
Let l(t) = t**2 - t + 19. What is l(-21)?
481
Let c(u) = -285*u**3 + 3*u**2 + 52*u + 50. Calculate c(-1).
286
Let d(m) = -3*m**2 + 183*m + 763. What is d(64)?
187
Let p(o) = 536*o - 51451. Determine p(96).
5
Let s(r) = 44*r**2 + 1406*r - 108. Calculate s(-32).
-44
Let d(i) = 37*i**2 - 571*i + 248. Determine d(15).
8
Let u(z) = 2*z**3 - 31*z**2 - 53*z + 34. Determine u(17).
0
Let z(i) = -58*i - 245. Determine z(-7).
161
Let j(d) = -d**3 - 13*d**2 - 17*d - 41. Give j(-12).
19
Let g(c) = c**3 + 107*c - 689. Calculate g(5).
-29
Let g(o) = -o**3 + 73*o**2 - 212*o + 4978. Give g(71).
8
Let a(i) = -95*i - 171. Determine a(-2).
19
Let m(f) = 10*f**2 - 98*f + 81. Give m(8).
-63
Let o(j) = j**3 - 13*j**2 - 129*j + 86. Give o(19).
-199
Let b(s) = -s**3 + 19*s**2 - 45*s + 66. What is b(17)?
-121
Let a(s) = 2*s**3 + 14*s**2 + 24*s + 16. Give a(-5).
-4
Let y(i) = -3*i**2 - 38*i + 73. Determine y(-14).
17
Let s(c) = 29*c - 1941. Give s(57).
-288
Let q(a) = a**3 + 16*a**2 + 50*a + 306. What is q(-14)?
-2
Let s(v) = -6*v - 36. What is s(9)?
-90
Let g(f) = -f**2 - 24*f + 172. Calculate g(-27).
91
Let t(p) = -p**3 - 45*p**2 - 81*p + 219. Give t(-43).
4
Let z(o) = -6*o**3 - 206*o**2 - 71*o - 100. Determine z(-34).
2
Let c(x) = -x**3 - 38*x**2 - 58*x + 508. Calculate c(-36).
4
Let h(z) = z**2 + 28*z - 100. Calculate h(-31).
-7
Let q(w) = 2*w**2 - 144*w + 1566. Determine q(13).
32
Let q(s) = -74*s**2 + 9*s + 22. Determine q(-2).
-292
Let l(m) = -4*m**3 - 124*m**2 - 5*m - 83. Determine l(-31).
72
Let g(i) = 24*i**2 - 3885*i - 492. What is g(162)?
-6
Let a(l) = -l**3 + 27*l**2 + 23*l + 240. Determine a(28).
100
Let x(s) = 13*s - 1107. Calculate x(48).
-483
Let g(c) = -c**3 + 11*c**2 + 64*c - 213. Calculate g(14).
95
Let f(d) = d**3 - 11*d**2 + 22*d - 41. What is f(10)?
79
Let j(c) = -3*c**3 + c**2 - 54*c - 135. Calculate j(-2).
1
Let w(z) = 7*z**3 + 369*z**2 - 497*z - 596. Give w(-54).
-2
Let y(o) = -o**3 + 7*o**2 - 6*o - 37. Calculate y(5).
-17
Let z(u) = -172*u**2 - 9290*u - 26. Determine z(-54).
82
Let i(j) = 14438*j - 72184. What is i(5)?
6
Let c(z) = 3*z - 71. Calculate c(10).
-41
Let y(u) = -2650*u - 2644. Give y(-1).
6
Let l(g) = 103*g + 340. Determine l(-11).
-793
Let z(x) = 28*x + 1882. Give z(-59).
230
Let h(z) = -7*z**2 + 43*z - 12. Give h(2).
46
Let w(n) = 20*n - 497. What is w(24)?
-17
Let c(r) = -251*r + 330. Calculate c(2).
-172
Let o(w) = -26*w + 98. What is o(7)?
-84
Let l(c) = c**2 + 13*c - 503. What is l(-31)?
55
Let r(h) = 9*h**2 - 189*h + 3. What is r(21)?
3
Let m(b) = b**3 - 66*b**2 - 3*b + 39. Determine m(66).
-159
Let z(t) = 3*t**2 - 14*t - 35. Determine z(7).
14
Let a(k) = 592*k + 18939. What is a(-32)?
-5
Let p(x) = x**2 + 247*x - 5918. Calculate p(22).
0
Let s(l) = l**3 + 42*l**2 - 239*l - 8. What is s(5)?
-28
Let x(k) = k**3 - 10*k**2 - 170*k - 17. What is x(19)?
2
Let u(i) = -17*i**2 + 89*i + 9. Calculate u(5).
29
Let l(p) = -11*p**2 + p - 20. Give l(4).
-192
Let w(s) = -54*s + 9174. What is w(170)?
-6
Let h(s) = -42*s - 1182. Calculate h(-36).
330
Let l(d) = -148*d + 6064. Give l(41).
-4
Let z(w) = -1315*w - 1445. What is z(-1)?
-130
Let g(i) = -47*i**2 - 561*i + 34. What is g(-12)?
-2
Let j(m) = -382*m + 32. What is j(1)?
-350
Let r(i) = 10*i + 21. Calculate r(-10).
-79
Let q(g) = g**2 - 271*g + 18329. Calculate q(141).
-1
Let q(j) = -14*j - 34. Calculate q(-25).
316
Let o(n) = n**3 - 50*n**2 - 25*n - 1338. Determine o(51).
-12
Let z(h) = -17*h**2 + 38*h - 164. What is z(3)?
-203
Let d(o) = -4*o**2 - 391*o - 301. Determine d(-97).
-10
Let j(g) = 18*g**2 - 404*g + 186. Calculate j(22).
10
Let s(b) = -3*b**2 + 180*b - 1217. Calculate s(7).
-104
Let h(f) = -53*f**2 + 6566*f + 748. Determine h(124).
4
Let n(k) = 2*k**2 + 6*k - 77. What is n(-8)?
3
Let d(w) = -2*w**3 - 196*w**2 - 196*w - 172. What is d(-97)?
22
Let b(s) = 9*s**2 - 98*s + 75. Calculate b(10).
-5
Let x(y) = 7811*y - 23436. Give x(3).
-3
Let v(s) = 269*s + 8884. Give v(-33).
7
Let v(k) = -5*k**3 - 134*k**2 + 27*k - 26. Determine v(-27).
-26
Let h(j) = -7*j**2 + 33*j - 29. Determine h(2).
9
Let n(t) = -370*t + 375. What is n(1)?
5
Let j(c) = c**2 - 15*c - 74. Determine j(16).
-58
Let h(m) = 2291*m + 13770. Give h(-6).
24
Let j(a) = a**2 + 9*a - 1894. Calculate j(-48).
-22
Let o(j) = j**2 - 40*j - 1128. What is o(-19)?
-7
Let w(g) = -2*g**2 + 71*g - 638. Give w(18).
-8
Let z(g) = -40*g**2 + 5*g - 9. Determine z(3).
-354
Let y(d) = 9*d**2 - 52*d + 68. Determine y(2).
0
Let v(u) = u**2 - 35*u - 220. Give v(31).
-344
Let y(g) = -g**3 - 36*g**2 + 647*g + 479. Give y(-49).
-11
Let y(r) = -16*r + 1633. Give y(104).
-31
Let u(h) = -3*h**2 + 837*h + 5055. Determine u(-6).
-75
Let h(w) = -5*w**2 + 147*w + 235. Calculate h(31).
-13
Let b(z) = 22*z + 551. Calculate b(-25).
1
Let y(r) = -r**2 - 441*r + 4422. What is y(10)?
-88
Let b(j) = j**2 - 27*j - 48. What is b(29)?
10
Let y(w) = -21*w + 267. Give y(10).
57
Let p(g) = -206*g - 6640. Calculate p(-32).
-48
Let i(l) = -90*l + 8367. Determine i(93).
-3
Let x(h) = -3745*h - 7485. Determine x(-2).
5
Let s(z) = -6*z**3 + 18*z**2 + 14*z - 42. Calculate s(3).
0
Let c(j) = 15*j**2 + 10*j + 3. Determine c(-2).
43
Let a(o) = o**3 - 87*o**2 - 88*o - 43. Calculate a(88).
-43
Let n(k) = 10*k + 345. Give n(-34).
5
Let d(n) = -n**3 - 13*n**2 + 71*n - 10. Determine d(4).
2
Let i(n) = -717*n + 331975. Calculate i(463).
4
Let q(p) = -4*p**2 - 79*p - 24. Give q(-19).
33
Let k(l) = -21*l**2 + 409*l - 136. Determine k(19).
54
Let o(h) = 8*h**2 - 56*h - 2. Determine o(6).
-50
Let l(c) = 2*c**2 + 38*c + 7. Calculate l(-19).
7
Let a(v) = -2765*v - 2763. What is a(-1)?
2
Let w(a) = a**2 + 21*a - 48. What is w(-22)?
-26
Let a(o) = -33*o**2 - 14*o + 30. Give a(2).
-130
Let q(c) = -239*c - 21747. Determine q(-91).
2
Let w(n) = -n**2 + 123*n + 494. Calculate w(-4).
-14
Let v(r) = 2*r**2 - 3*r + 11. Determine v(6).
65
Let n(m) = -5*m**3 - 201*m**2 - 37*m + 129. Give n(-40).
9
Let c(j) = -j**2 + 26*j - 72. Calculate c(3).
-3
Let l(w) = -114*w + 3090. Determine l(27